ide 8039?
False
Is 913 a multiple of 11?
True
Is 6489 a multiple of 9?
True
Is 129 a factor of 468?
False
Is 29 a multiple of 28?
False
Is 43 a factor of 103243?
True
Is 13 a factor of 7007?
True
Is 3680 a multiple of 5?
True
Does 46 divide 4600?
True
Is 5 a factor of 440?
True
Is 9 a factor of 36?
True
Is 13 a factor of 2445?
False
Does 163 divide 8639?
True
Is 647 a multiple of 5?
False
Does 8 divide 359?
False
Is 33618 a multiple of 26?
True
Is 1127 a multiple of 11?
False
Does 24 divide 1032?
True
Does 33 divide 28784?
False
Does 57 divide 21939?
False
Is 25564 a multiple of 166?
True
Is 49 a factor of 42467?
False
Is 7020 a multiple of 10?
True
Is 3960 a multiple of 124?
False
Does 30 divide 1753?
False
Does 79 divide 16273?
False
Does 105 divide 47040?
True
Is 127 a factor of 10160?
True
Does 15 divide 12060?
True
Is 64 a factor of 21207?
False
Is 34 a factor of 42126?
True
Is 5 a factor of 1130?
True
Is 396 a multiple of 6?
True
Is 1392 a multiple of 16?
True
Does 12 divide 2185?
False
Is 1300 a multiple of 10?
True
Is 412 a multiple of 18?
False
Is 56659 a multiple of 12?
False
Is 118 a factor of 25099?
False
Is 7 a factor of 455?
True
Does 178 divide 20114?
True
Does 3 divide 4368?
True
Does 9 divide 14121?
True
Does 89 divide 5779?
False
Does 5 divide 695?
True
Does 59 divide 2478?
True
Does 13 divide 23292?
False
Is 16251 a multiple of 38?
False
Is 6090 a multiple of 35?
True
Is 12 a factor of 70794?
False
Is 13 a factor of 10439?
True
Does 41 divide 37843?
True
Is 41 a factor of 29897?
False
Is 576 a multiple of 140?
False
Is 55 a factor of 7920?
True
Is 104608 a multiple of 16?
True
Is 165 a multiple of 33?
True
Is 35 a factor of 1435?
True
Is 1104 a multiple of 8?
True
Is 2770 a multiple of 58?
False
Is 27 a factor of 999?
True
Does 3 divide 90?
True
Is 272 a multiple of 17?
True
Is 32 a factor of 4864?
True
Does 103 divide 2479?
False
Is 13 a factor of 71634?
False
Is 39 a factor of 24258?
True
Is 11437 a multiple of 43?
False
Does 11 divide 2090?
True
Does 134 divide 9514?
True
Does 13 divide 273?
True
Is 4635 a multiple of 63?
False
Is 8061 a multiple of 19?
False
Is 12 a factor of 10884?
True
Is 70 a factor of 9940?
True
Is 34 a factor of 1468?
False
Is 293 a multiple of 10?
False
Does 16 divide 291?
False
Is 55 a factor of 495?
True
Is 24774 a multiple of 19?
False
Does 79 divide 1738?
True
Is 52 a factor of 18252?
True
Is 36 a factor of 864?
True
Does 15 divide 360?
True
Is 912 a multiple of 24?
True
Is 29 a multiple of 3?
False
Is 12 a factor of 537?
False
Is 444 a multiple of 3?
True
Is 458 a multiple of 5?
False
Is 59 a factor of 10916?
False
Is 136 a multiple of 8?
True
Does 9 divide 434?
False
Is 22 a factor of 657?
False
Does 94 divide 8229?
False
Does 74 divide 45584?
True
Does 16 divide 40450?
False
Is 206 a multiple of 78?
False
Is 44 a factor of 2974?
False
Is 11 a factor of 935?
True
Is 206 a multiple of 20?
False
Is 14 a factor of 1468?
False
Does 6 divide 7428?
True
Does 64 divide 9280?
True
Is 14364 a multiple of 108?
True
Is 6024 a multiple of 187?
False
Does 235 divide 10783?
False
Is 4 a factor of 52?
True
Does 59 divide 10720?
False
Does 97 divide 3423?
False
Is 77 a factor of 60060?
True
Is 34 a factor of 67524?
True
Is 65 a factor of 450?
False
Does 51 divide 4787?
False
Is 44 a factor of 5800?
False
Is 390 a multiple of 10?
True
Does 78 divide 53777?
False
Is 413 a multiple of 9?
False
Is 16 a factor of 97648?
True
Is 33 a factor of 2013?
True
Is 69 even?
False
Does 36 divide 6984?
True
Is 295 a multiple of 5?
True
Is 60 a factor of 120?
True
Is 1070 a multiple of 29?
False
Is 86 a factor of 8455?
False
Does 2 divide 106?
True
Does 20 divide 31193?
False
Does 7 divide 7287?
True
Is 99 a multiple of 9?
True
Does 153 divide 50084?
False
Is 7 a factor of 7805?
True
Is 35 a factor of 9345?
True
Is 64 a factor of 5632?
True
Is 175 a factor of 21525?
True
Does 73 divide 5110?
True
Is 14902 a multiple of 50?
False
Does 39 divide 9672?
True
Does 85 divide 425?
True
Does 103 divide 4429?
True
Is 14693 a multiple of 57?
False
Is 78 a factor of 5304?
True
Does 26 divide 1180?
False
Is 73480 a multiple of 88?
True
Does 38 divide 3496?
True
Is 5 a factor of 3329?
False
Does 226 divide 7224?
False
Is 40550 a multiple of 30?
False
Does 46 divide 4241?
False
Is 10 a factor of 2740?
True
Does 43 divide 1270?
False
Does 9 divide 19530?
True
Does 33 divide 5676?
True
Does 43 divide 969?
False
Does 17 divide 204?
True
Is 19968 a multiple of 229?
False
Is 8496 even?
True
Is 1111 a multiple of 32?
False
Is 30 a factor of 1140?
True
Does 22 divide 22220?
True
Is 859 a multiple of 8?
False
Is 283 a multiple of 12?
False
Is 201 a factor of 1608?
True
Does 3 divide 78?
True
Is 16 a factor of 4032?
True
Is 1653 a multiple of 21?
False
Is 5 a factor of 417?
False
Is 16 a factor of 784?
True
Is 696 a multiple of 9?
False
Does 51 divide 2333?
False
Does 90 divide 18270?
True
Does 13 divide 54439?
False
Is 122 a factor of 48068?
True
Is 32 a factor of 2337?
False
Is 50302 a multiple of 16?
False
Does 62 divide 23060?
False
Is 2072 a multiple of 2?
True
Is 48 a factor of 16128?
True
Does 25 divide 675?
True
Is 1775 a multiple of 79?
False
Is 15 a factor of 16430?
False
Is 5286 a multiple of 27?
False
Is 161 a multiple of 3?
False
Is 52 a factor of 7808?
False
Does 36 divide 6410?
False
Does 30 divide 630?
True
Does 158 divide 24999?
False
Is 25 a factor of 1919?
False
Does 20 divide 2500?
True
Is 40 a factor of 8480?
True
Does 2 divide 37?
False
Does 22 divide 15568?
False
Is 55 a factor of 1757?
False
Is 18014 a multiple of 160?
False
Is 330 a multiple of 27?
False
Is 13 a factor of 5535?
False
Does 111 divide 1554?
True
Does 43 divide 27907?
True
Is 292 a factor of 22484?
True
Does 19 divide 38931?
True
Is 120 a factor of 480?
True
Is 1056 a multiple of 6?
True
Is 9840 a multiple of 6?
True
Is 313 a multiple of 6?
False
Is 16 a factor of 819?
False
Does 108 divide 788?
False
Is 201 a multiple of 32?
False
Does 7 divide 5383?
True
Does 2 divide 25?
False
Is 10853 a multiple of 16?
False
Is 6851 a multiple of 45?
False
Is 60 a multiple of 10?
True
Does 10 divide 20?
True
Does 42 divide 11424?
True
Is 37 a factor of 2775?
True
Is 720 a multiple of 15?
True
Is 10 a factor of 143?
False
Does 2 divide 542?
True
Is 20 a factor of 22720?
True
Does 49 divide 8301?
False
Does 52 divide 7800?
True
Does 20 divide 4153?
False
Is 4 a factor of 230?
False
Is 5 a factor of 9495?
True
Is 4 a factor of 585?
False
Does 4 divide 277?
False
Is 18606 a multiple of 78?
False
Is 827 a multiple of 21?
False
Is 31 a factor of 5947?
False
Does 83 divide 38820?
False
Does 3 divide 147?
True
Is 801 a multiple of 17?
False
Is 208 a multiple of 5?
False
Does 3 divide 1615?
False
Is 122 a factor of 3782?
True
Is 91015 a multiple of 54?
False
Is 9973 a multiple of 31?
False
Is 56 a factor of 10976?
True
Is 800 a multiple of 23?
False
Is 114 a factor of 4555?
False
Is 18 a factor of 1515?
False
Is 5 a factor of 1457?
False
Is 5845 a multiple of 5?
True
Is 1120 a multiple of 28?
True
Does 11 divide 130?
False
Does 8 divide 214?
False
Is 3319 a multiple of 164?
False
Is 23896 a multiple of 55?
False
Is 14 a factor of 2254?
True
Is 921 a multiple of 22?
False
Does 17 divide 459?
True
Is 60 a factor of 6241?
False
Is 149 a factor of 3576?
True
Is 6 a factor of 6954?
True
Does 137 divide 8159?
False
Is 38 a factor of 6339?
False
Does 54 divide 4320?
True
Is 292 a multiple of 14?
False
Does 81 divide 1791?
False
Does 56 divide 112?
True
Is 108 a factor of 262?
False
Is 26 a factor of 58197?
False
Does 40 divide 3130?
False
Is 385 a multiple of 7?
True
Does 91 divide 3730?
False
Is 5136 a multiple of 2?
True
Does 99 divide 10494?
True
Is 137 a factor of 6437?
False
Does 103 divide 18540?
True
Does 11 divide 1879?
False
Is 9 a factor of 8244?
True
Is 238 a factor of 4522?
True
Is 7124 a multiple of 20?
False
Is 1498 a multiple of 5?
False
Is 63 a factor of 11394?
False
Is 5 a factor of 27660?
True
Is 75 a factor of 17199?
False
Is 11803 a multiple of 59?
False
Does 4 divide 24?
True
Is 329 a multiple of 38?
False
Does 9 divide 29398?
False
Is 6727 a multiple of 7?
True
Does 104 divide 63351?
False
Is 17781 a multiple of 18?
False
Is 2185 a multiple of 23?
True
Is 28 a 